mmon factor of 1501 and 76.
19
Calculate the highest common divisor of 6413 and 121.
121
What is the highest common factor of 252 and 5376?
84
Calculate the highest common divisor of 5694 and 156.
78
Calculate the greatest common factor of 228 and 608.
76
Calculate the greatest common divisor of 144 and 2979.
9
What is the highest common factor of 15176 and 168?
56
Calculate the greatest common divisor of 48 and 408.
24
What is the highest common divisor of 189 and 54?
27
Calculate the highest common divisor of 35 and 413.
7
Calculate the greatest common factor of 162 and 72.
18
What is the greatest common factor of 147 and 18?
3
What is the greatest common divisor of 171 and 1800?
9
What is the highest common factor of 1312 and 820?
164
What is the highest common divisor of 329 and 7?
7
What is the greatest common factor of 1458 and 18?
18
Calculate the highest common factor of 62 and 7006.
62
Calculate the highest common divisor of 140 and 868.
28
What is the highest common divisor of 112 and 1148?
28
What is the highest common factor of 66642 and 174?
174
What is the greatest common factor of 4401 and 815?
163
What is the highest common factor of 280 and 238?
14
Calculate the greatest common factor of 11 and 704.
11
Calculate the highest common factor of 25868 and 116.
116
Calculate the greatest common divisor of 528 and 8272.
176
What is the highest common divisor of 44 and 99?
11
What is the highest common divisor of 712 and 178?
178
What is the greatest common factor of 8 and 2344?
8
What is the greatest common factor of 90 and 846?
18
Calculate the highest common factor of 1145 and 45.
5
What is the highest common factor of 15872 and 248?
248
What is the highest common factor of 126 and 44772?
42
Calculate the highest common divisor of 48 and 5328.
48
What is the highest common divisor of 48 and 80?
16
What is the highest common divisor of 32 and 6?
2
What is the highest common factor of 102 and 2091?
51
Calculate the greatest common factor of 1323 and 27.
27
What is the highest common factor of 8 and 480?
8
What is the greatest common divisor of 886 and 4?
2
Calculate the greatest common factor of 11936 and 80.
16
What is the highest common factor of 26 and 26?
26
What is the highest common divisor of 20 and 10?
10
What is the greatest common divisor of 20 and 15?
5
Calculate the highest common divisor of 391 and 85.
17
What is the highest common factor of 216 and 48?
24
Calculate the greatest common divisor of 442 and 34.
34
What is the greatest common factor of 15594 and 276?
138
What is the greatest common factor of 145 and 3480?
145
Calculate the greatest common factor of 508 and 4.
4
Calculate the greatest common factor of 76 and 1159.
19
Calculate the highest common divisor of 432 and 24.
24
Calculate the greatest common divisor of 690 and 870.
30
What is the highest common factor of 204 and 612?
204
What is the greatest common divisor of 707 and 202?
101
What is the highest common divisor of 639 and 3621?
213
Calculate the greatest common divisor of 31 and 1147.
31
What is the highest common divisor of 671 and 22?
11
Calculate the greatest common divisor of 462 and 1694.
154
What is the greatest common factor of 39 and 2847?
39
Calculate the greatest common divisor of 50 and 6.
2
Calculate the greatest common factor of 133 and 2345.
7
What is the greatest common divisor of 546 and 12?
6
What is the highest common divisor of 139 and 2641?
139
What is the greatest common factor of 5918 and 66?
22
What is the greatest common divisor of 156 and 11154?
78
What is the greatest common divisor of 68 and 680?
68
Calculate the highest common factor of 470 and 1034.
94
What is the highest common divisor of 5 and 55?
5
What is the greatest common factor of 12444 and 6?
6
Calculate the greatest common factor of 768 and 96.
96
Calculate the greatest common divisor of 266 and 16.
2
Calculate the greatest common divisor of 14 and 6762.
14
What is the greatest common factor of 69 and 24449?
23
What is the highest common divisor of 28 and 1720?
4
What is the greatest common factor of 48 and 354?
6
What is the greatest common divisor of 106 and 689?
53
Calculate the highest common divisor of 166 and 3818.
166
Calculate the greatest common factor of 1 and 187.
1
Calculate the greatest common divisor of 90 and 170.
10
Calculate the highest common divisor of 51 and 68.
17
What is the greatest common factor of 1798 and 2146?
58
Calculate the highest common divisor of 60 and 16890.
30
Calculate the highest common divisor of 20 and 640.
20
Calculate the greatest common factor of 1770 and 60.
30
What is the greatest common divisor of 72 and 1168?
8
What is the greatest common factor of 230 and 368?
46
Calculate the greatest common divisor of 308 and 1188.
44
What is the greatest common factor of 1344 and 84?
84
What is the highest common divisor of 580 and 20?
20
Calculate the greatest common factor of 156 and 30.
6
Calculate the greatest common factor of 23 and 437.
23
Calculate the greatest common factor of 82 and 13489.
41
Calculate the highest common factor of 64 and 18112.
64
What is the highest common divisor of 49 and 105?
7
What is the highest common factor of 497 and 14?
7
What is the greatest common divisor of 37 and 37?
37
Calculate the highest common divisor of 144 and 2970.
18
Calculate the highest common divisor of 194 and 40.
2
What is the greatest common factor of 104 and 2?
2
What is the greatest common factor of 63 and 27?
9
Calculate the highest common factor of 440 and 2992.
88
What is the greatest common factor of 5 and 55?
5
What is the highest common factor of 26 and 117?
13
Calculate the highest common divisor of 7 and 10451.
7
Calculate the highest common divisor of 5200 and 48.
16
What is the greatest common factor of 1173 and 51?
51
Calculate the highest common divisor of 44 and 44.
44
Calculate the highest common divisor of 14295 and 75.
15
What is the greatest common factor of 65 and 559?
13
Calculate the highest common divisor of 475 and 380.
95
Calculate the highest common factor of 904 and 64.
8
What is the highest common divisor of 316 and 79?
79
Calculate the highest common factor of 40 and 40.
40
Calculate the greatest common factor of 1862 and 76.
38
What is the greatest common divisor of 330 and 24?
6
What is the highest common divisor of 51 and 36159?
51
What is the greatest common factor of 98 and 294?
98
Calculate the greatest common factor of 2035 and 880.
55
What is the highest common factor of 413 and 63?
7
Calculate the greatest common factor of 1470 and 480.
30
Calculate the greatest common factor of 744 and 264.
24
What is the greatest common factor of 118 and 4838?
118
What is the greatest common divisor of 568 and 355?
71
Calculate the greatest common divisor of 80 and 540.
20
What is the greatest common divisor of 1 and 49?
1
What is the highest common divisor of 36 and 612?
36
What is the highest common factor of 30105 and 135?
135
Calculate the greatest common divisor of 98 and 14.
14
Calculate the highest common factor of 128 and 2.
2
What is the greatest common factor of 6447 and 84?
21
What is the highest common factor of 88 and 1991?
11
Calculate the greatest common divisor of 1120 and 2730.
70
What is the greatest common divisor of 182 and 91?
91
What is the highest common divisor of 102 and 1921?
17
Calculate the greatest common divisor of 30 and 84.
6
Calculate the greatest common divisor of 1400 and 3.
1
Calculate the highest common factor of 56 and 1032.
8
What is the highest common divisor of 44 and 2?
2
Calculate the greatest common factor of 350 and 100.
50
What is the greatest common factor of 8487 and 207?
207
What is the highest common factor of 133 and 16891?
133
Calculate the highest common factor of 8526 and 696.
174
What is the greatest common divisor of 221 and 1207?
17
What is the highest common factor of 848 and 53?
53
What is the greatest common divisor of 81 and 36?
9
Calculate the greatest common divisor of 2125 and 125.
125
What is the highest common divisor of 252 and 81?
9
What is the highest common divisor of 2542 and 62?
62
Calculate the highest common factor of 495 and 45.
45
What is the greatest common divisor of 21 and 1407?
21
What is the greatest common divisor of 